{"id":1959,"date":"2023-12-15T20:28:56","date_gmt":"2023-12-15T19:28:56","guid":{"rendered":"https:\/\/www.apartmany-jedlova.cz\/?page_id=1959"},"modified":"2024-03-09T16:09:21","modified_gmt":"2024-03-09T15:09:21","slug":"ausfluege","status":"publish","type":"page","link":"https:\/\/www.apartmany-jedlova.cz\/index.php\/de\/ausfluege\/","title":{"rendered":"AUSFL\u00dcGE"},"content":{"rendered":"\t\t<div data-elementor-type=\"wp-page\" data-elementor-id=\"1959\" class=\"elementor elementor-1959\">\n\t\t\t\t\t\t\t\t\t<section class=\"elementor-section elementor-top-section elementor-element elementor-element-0e51fd5 elementor-section-boxed elementor-section-height-default elementor-section-height-default\" data-id=\"0e51fd5\" data-element_type=\"section\">\n\t\t\t\t\t\t<div class=\"elementor-container elementor-column-gap-default\">\n\t\t\t\t\t<div class=\"elementor-column elementor-col-100 elementor-top-column elementor-element elementor-element-601ed7a\" data-id=\"601ed7a\" data-element_type=\"column\">\n\t\t\t<div class=\"elementor-widget-wrap elementor-element-populated\">\n\t\t\t\t\t\t\t\t<div class=\"elementor-element elementor-element-96eb71f elementor-widget elementor-widget-text-editor\" data-id=\"96eb71f\" data-element_type=\"widget\" data-widget_type=\"text-editor.default\">\n\t\t\t\t<div class=\"elementor-widget-container\">\n\t\t\t<style>\/*! elementor - v3.18.0 - 20-12-2023 *\/\n.elementor-widget-text-editor.elementor-drop-cap-view-stacked .elementor-drop-cap{background-color:#69727d;color:#fff}.elementor-widget-text-editor.elementor-drop-cap-view-framed .elementor-drop-cap{color:#69727d;border:3px solid;background-color:transparent}.elementor-widget-text-editor:not(.elementor-drop-cap-view-default) .elementor-drop-cap{margin-top:8px}.elementor-widget-text-editor:not(.elementor-drop-cap-view-default) .elementor-drop-cap-letter{width:1em;height:1em}.elementor-widget-text-editor .elementor-drop-cap{float:left;text-align:center;line-height:1;font-size:50px}.elementor-widget-text-editor .elementor-drop-cap-letter{display:inline-block}<\/style>\t\t\t\t<p class=\"MsoNormal\"><span style=\"font-size: 16.0pt; line-height: 107%;\">-Kreuzweg im Ji\u0159et\u00edn pod Jedlovou<\/span><\/p><p class=\"MsoNormal\"><span style=\"font-size: 16.0pt; line-height: 107%;\">-Silberbergwerk und Museum(Ji\u0159et\u00edn pod Jedlovou)<\/span><\/p><p class=\"MsoNormal\"><span style=\"font-size: 16.0pt; line-height: 107%;\">-Windm\u00fchle Lichtenberg(Horn\u00ed Podlu\u017e\u00ed)<\/span><\/p><p class=\"MsoNormal\"><span style=\"font-size: 16.0pt; line-height: 107%;\">-Ruine der Burg Tol\u0161tejn mit sch\u00f6ner Aussicht(670m \u00fc.d.m.)<\/span><\/p><p class=\"MsoNormal\"><span style=\"font-size: 16.0pt; line-height: 107%;\">-Aussichtsturm Jedlov\u00e1 (Tannenberg 774m \u00fc.d.m.)<\/span><\/p><p class=\"MsoNormal\"><span style=\"font-size: 16.0pt; line-height: 107%;\">-Aussichtsturm Tane\u010dnice(Tanzplan 597m \u00fc.d.m.)<\/span><\/p><p class=\"MsoNormal\"><span style=\"font-size: 16.0pt; line-height: 107%;\">-Aussichtsturm Dymn\u00edk(Rauchberg 517m \u00fc.d.m.)<\/span><\/p><p class=\"MsoNormal\"><span style=\"font-size: 16.0pt; line-height: 107%;\">-Berg Lu\u017e(Lausche 793m \u00fc.d.m.)<\/span><\/p><p class=\"MsoNormal\"><span style=\"font-size: 16.0pt; line-height: 107%;\">-Berg Kl\u00ed\u010d(Kleis 760m \u00fc.d.m.) beim Svor<\/span><\/p><p class=\"MsoNormal\"><span style=\"font-size: 16.0pt; line-height: 107%;\">-Badeplatz im Doln\u00ed Podlu\u017e\u00ed oder im \u010cesk\u00e1 Kamenice<\/span><\/p><p class=\"MsoNormal\"><span style=\"font-size: 16.0pt; line-height: 107%;\">-Trixipark im Grosssch\u00f6nau<\/span><\/p><p class=\"MsoNormal\"><span style=\"font-size: 16.0pt; line-height: 107%;\">-Brauerei \u201eFalkenstein\u201c im Kr\u00e1sn\u00e1 L\u00edpa<\/span><\/p><p class=\"MsoNormal\"><span style=\"font-size: 16.0pt; line-height: 107%;\">-Brauerei \u201eKocour\u201c im Warnsdorf<\/span><\/p><p class=\"MsoNormal\"><span style=\"font-size: 16.0pt; line-height: 107%;\">-Glassmuseum im Nov\u00fd Bor<\/span><\/p><p class=\"MsoNormal\"><span style=\"font-size: 16.0pt; line-height: 107%;\">-Renaissance Schloss im Tetschen<\/span><\/p><p class=\"MsoNormal\"><span style=\"font-size: 16.0pt; line-height: 107%;\">-Schwimmbad und offene Badeplatz im Tetschen<\/span><\/p><p class=\"MsoNormal\"><span style=\"font-size: 16.0pt; line-height: 107%;\">-Dampfz\u00fcge Zittau-Oybin<\/span><\/p><p style=\"text-align: center;\">\u00a0<\/p><p class=\"MsoNormal\"><span style=\"font-size: 16.0pt; line-height: 107%;\">-Skilift Horn\u00ed Podlu\u017e\u00ed mit Skiverleih und Skischule<\/span><\/p>\t\t\t\t\t\t<\/div>\n\t\t\t\t<\/div>\n\t\t\t\t\t<\/div>\n\t\t<\/div>\n\t\t\t\t\t\t\t<\/div>\n\t\t<\/section>\n\t\t\t\t\t\t\t<\/div>\n\t\t","protected":false},"excerpt":{"rendered":"<p>-Kreuzweg im Ji\u0159et\u00edn pod Jedlovou -Silberbergwerk und Museum(Ji\u0159et\u00edn pod Jedlovou) -Windm\u00fchle Lichtenberg(Horn\u00ed Podlu\u017e\u00ed) -Ruine der Burg Tol\u0161tejn mit sch\u00f6ner Aussicht(670m \u00fc.d.m.) -Aussichtsturm Jedlov\u00e1 (Tannenberg 774m \u00fc.d.m.) -Aussichtsturm Tane\u010dnice(Tanzplan 597m \u00fc.d.m.) -Aussichtsturm Dymn\u00edk(Rauchberg 517m \u00fc.d.m.) -Berg Lu\u017e(Lausche 793m \u00fc.d.m.) -Berg Kl\u00ed\u010d(Kleis 760m \u00fc.d.m.) beim Svor -Badeplatz im Doln\u00ed Podlu\u017e\u00ed oder im \u010cesk\u00e1 Kamenice -Trixipark im Grosssch\u00f6nau&hellip; <br \/> <a class=\"read-more\" href=\"https:\/\/www.apartmany-jedlova.cz\/index.php\/de\/ausfluege\/\">V\u00edce<\/a><\/p>\n","protected":false},"author":1,"featured_media":703,"parent":0,"menu_order":0,"comment_status":"closed","ping_status":"closed","template":"","meta":{"footnotes":""},"aioseo_notices":[],"_links":{"self":[{"href":"https:\/\/www.apartmany-jedlova.cz\/index.php\/wp-json\/wp\/v2\/pages\/1959"}],"collection":[{"href":"https:\/\/www.apartmany-jedlova.cz\/index.php\/wp-json\/wp\/v2\/pages"}],"about":[{"href":"https:\/\/www.apartmany-jedlova.cz\/index.php\/wp-json\/wp\/v2\/types\/page"}],"author":[{"embeddable":true,"href":"https:\/\/www.apartmany-jedlova.cz\/index.php\/wp-json\/wp\/v2\/users\/1"}],"replies":[{"embeddable":true,"href":"https:\/\/www.apartmany-jedlova.cz\/index.php\/wp-json\/wp\/v2\/comments?post=1959"}],"version-history":[{"count":4,"href":"https:\/\/www.apartmany-jedlova.cz\/index.php\/wp-json\/wp\/v2\/pages\/1959\/revisions"}],"predecessor-version":[{"id":2487,"href":"https:\/\/www.apartmany-jedlova.cz\/index.php\/wp-json\/wp\/v2\/pages\/1959\/revisions\/2487"}],"wp:featuredmedia":[{"embeddable":true,"href":"https:\/\/www.apartmany-jedlova.cz\/index.php\/wp-json\/wp\/v2\/media\/703"}],"wp:attachment":[{"href":"https:\/\/www.apartmany-jedlova.cz\/index.php\/wp-json\/wp\/v2\/media?parent=1959"}],"curies":[{"name":"wp","href":"https:\/\/api.w.org\/{rel}","templated":true}]}}