{"id":1837,"date":"2023-12-15T18:25:09","date_gmt":"2023-12-15T17:25:09","guid":{"rendered":"https:\/\/www.apartmany-jedlova.cz\/?page_id=1837"},"modified":"2026-02-04T11:17:55","modified_gmt":"2026-02-04T10:17:55","slug":"kontakt","status":"publish","type":"page","link":"https:\/\/www.apartmany-jedlova.cz\/index.php\/de\/front-page-deutsch\/kontakt\/","title":{"rendered":"Kontakt"},"content":{"rendered":"\t\t<div data-elementor-type=\"wp-page\" data-elementor-id=\"1837\" class=\"elementor elementor-1837\">\n\t\t\t\t\t\t\t\t\t<section class=\"elementor-section elementor-top-section elementor-element elementor-element-7d4c82d9 elementor-section-boxed elementor-section-height-default elementor-section-height-default\" data-id=\"7d4c82d9\" data-element_type=\"section\">\n\t\t\t\t\t\t<div class=\"elementor-container elementor-column-gap-default\">\n\t\t\t\t\t<div class=\"elementor-column elementor-col-100 elementor-top-column elementor-element elementor-element-742fa32a\" data-id=\"742fa32a\" data-element_type=\"column\">\n\t\t\t<div class=\"elementor-widget-wrap elementor-element-populated\">\n\t\t\t\t\t\t\t\t<div class=\"elementor-element elementor-element-777c40e5 elementor-widget elementor-widget-text-editor\" data-id=\"777c40e5\" data-element_type=\"widget\" data-widget_type=\"text-editor.default\">\n\t\t\t\t<div class=\"elementor-widget-container\">\n\t\t\t<style>\/*! elementor - v3.18.0 - 20-12-2023 *\/\n.elementor-widget-text-editor.elementor-drop-cap-view-stacked .elementor-drop-cap{background-color:#69727d;color:#fff}.elementor-widget-text-editor.elementor-drop-cap-view-framed .elementor-drop-cap{color:#69727d;border:3px solid;background-color:transparent}.elementor-widget-text-editor:not(.elementor-drop-cap-view-default) .elementor-drop-cap{margin-top:8px}.elementor-widget-text-editor:not(.elementor-drop-cap-view-default) .elementor-drop-cap-letter{width:1em;height:1em}.elementor-widget-text-editor .elementor-drop-cap{float:left;text-align:center;line-height:1;font-size:50px}.elementor-widget-text-editor .elementor-drop-cap-letter{display:inline-block}<\/style>\t\t\t\t<p><\/p>\n<p style=\"text-align: center;\" align=\"center\"><b>KONTAKT<\/b><\/p>\n<p style=\"text-align: center;\" align=\"center\">Bestellungen &#8211; (+420) 606&nbsp;938&nbsp;210<span style=\"color: var( --e-global-color-text ); font-family: var( --e-global-typography-text-font-family ), Sans-serif; font-weight: var( --e-global-typography-text-font-weight );\">&nbsp;<\/span><\/p>\n<p style=\"text-align: center;\" align=\"center\">nadrazi@apartmany-jedlova.cz<\/p>\n<p style=\"text-align: center;\" align=\"center\"><span style=\"color: var( --e-global-color-text ); font-family: var( --e-global-typography-text-font-family ), Sans-serif; font-weight: var( --e-global-typography-text-font-weight );\">&nbsp;<\/span><\/p>\n<p style=\"text-align: center;\" align=\"center\"><b>Radek \u0160mejkal<\/b><span style=\"color: var( --e-global-color-text ); font-family: var( --e-global-typography-text-font-family ), Sans-serif; font-weight: var( --e-global-typography-text-font-weight );\">&nbsp;<\/span><\/p>\n<p style=\"text-align: center;\" align=\"center\">Jedlov\u00e1 17, Ji\u0159et\u00edn pod Jedlovou 408 01<\/p>\n<p style=\"text-align: center;\" align=\"center\">\n<\/p><p style=\"text-align: center;\" align=\"center\">Die bequemste Anreise zu uns erfolgt mit dem Zug! Der Bahnhof Jedlov\u00e1 liegt an den Strecken 080 und 081 und ist von allen Richtungen gut erreichbar &#8211; von D\u011b\u010d\u00edn, \u010cesk\u00e1 L\u00edpa und Rumburk.<\/p>\n<p style=\"text-align: center;\" align=\"center\">\n<\/p><p style=\"text-align: center;\" align=\"center\"><b><br><\/b><\/p><p style=\"text-align: center;\" align=\"center\"><b>Anreise mit dem Auto<\/b><\/p>\n<p style=\"text-align: center;\" align=\"center\">\n<\/p><p data-path-to-node=\"2\">Der Bahnhof befindet sich mitten in den W\u00e4ldern, etwa 2 km von der Stra\u00dfe I\/9 (Pass \u0160\u00e9br\/Sto\u017eec) entfernt. Sie erreichen uns \u00fcber den Waldweg \u201ePra\u017esk\u00e1\u201c. Dieser Weg ist <span data-path-to-node=\"2\" data-index-in-node=\"168\">nicht f\u00fcr gew\u00f6hnliche PKW geeignet<\/span>, da das Gel\u00e4nde sehr anspruchsvoll ist. In den Wintermonaten ist der Weg <span data-path-to-node=\"2\" data-index-in-node=\"276\">unpassierbar<\/span>.<\/p><p data-path-to-node=\"3\">Sie k\u00f6nnen Ihr Auto auch an den Bahnh\u00f6fen <span data-path-to-node=\"3\" data-index-in-node=\"42\" style=\"\">Ch\u0159ibsk\u00e1, Rybni\u0161t\u011b, Kytlice oder Svor<\/span> parken und uns bequem mit dem Zug erreichen.<\/p>\n<p style=\"text-align: center;\" align=\"center\">\n<\/p><p style=\"text-align: center;\" align=\"center\">Koordinaten:<\/p>\n<p style=\"text-align: center;\" align=\"center\">50\u00b050\u203233\u2033 N,<\/p>\n<p style=\"text-align: center;\" align=\"center\">\n<\/p><p style=\"text-align: center;\"><span style=\"color: var( --e-global-color-text ); font-family: var( --e-global-typography-text-font-family ), Sans-serif; font-weight: var( --e-global-typography-text-font-weight );\">14\u00b034\u203213\u2033 E<\/span><iframe style=\"color: var( --e-global-color-text ); font-family: var( --e-global-typography-text-font-family ), Sans-serif; font-weight: var( --e-global-typography-text-font-weight );\" src=\"https:\/\/frame.mapy.cz\/s\/putumazana\" width=\"700\" height=\"466\" frameborder=\"0\"><\/iframe><\/p>\t\t\t\t\t\t<\/div>\n\t\t\t\t<\/div>\n\t\t\t\t\t<\/div>\n\t\t<\/div>\n\t\t\t\t\t\t\t<\/div>\n\t\t<\/section>\n\t\t\t\t\t\t\t<\/div>\n\t\t","protected":false},"excerpt":{"rendered":"<p>KONTAKT Bestellungen &#8211; (+420) 606&nbsp;938&nbsp;210&nbsp; nadrazi@apartmany-jedlova.cz &nbsp; Radek \u0160mejkal&nbsp; Jedlov\u00e1 17, Ji\u0159et\u00edn pod Jedlovou 408 01 Die bequemste Anreise zu uns erfolgt mit dem Zug! Der Bahnhof Jedlov\u00e1 liegt an den Strecken 080 und 081 und ist von allen Richtungen gut erreichbar &#8211; von D\u011b\u010d\u00edn, \u010cesk\u00e1 L\u00edpa und Rumburk. Anreise mit dem Auto Der Bahnhof&hellip; <br \/> <a class=\"read-more\" href=\"https:\/\/www.apartmany-jedlova.cz\/index.php\/de\/front-page-deutsch\/kontakt\/\">V\u00edce<\/a><\/p>\n","protected":false},"author":1,"featured_media":365,"parent":1633,"menu_order":0,"comment_status":"closed","ping_status":"closed","template":"pro\/page-templates\/full-width-page.php","meta":{"footnotes":""},"aioseo_notices":[],"_links":{"self":[{"href":"https:\/\/www.apartmany-jedlova.cz\/index.php\/wp-json\/wp\/v2\/pages\/1837"}],"collection":[{"href":"https:\/\/www.apartmany-jedlova.cz\/index.php\/wp-json\/wp\/v2\/pages"}],"about":[{"href":"https:\/\/www.apartmany-jedlova.cz\/index.php\/wp-json\/wp\/v2\/types\/page"}],"author":[{"embeddable":true,"href":"https:\/\/www.apartmany-jedlova.cz\/index.php\/wp-json\/wp\/v2\/users\/1"}],"replies":[{"embeddable":true,"href":"https:\/\/www.apartmany-jedlova.cz\/index.php\/wp-json\/wp\/v2\/comments?post=1837"}],"version-history":[{"count":12,"href":"https:\/\/www.apartmany-jedlova.cz\/index.php\/wp-json\/wp\/v2\/pages\/1837\/revisions"}],"predecessor-version":[{"id":2899,"href":"https:\/\/www.apartmany-jedlova.cz\/index.php\/wp-json\/wp\/v2\/pages\/1837\/revisions\/2899"}],"up":[{"embeddable":true,"href":"https:\/\/www.apartmany-jedlova.cz\/index.php\/wp-json\/wp\/v2\/pages\/1633"}],"wp:featuredmedia":[{"embeddable":true,"href":"https:\/\/www.apartmany-jedlova.cz\/index.php\/wp-json\/wp\/v2\/media\/365"}],"wp:attachment":[{"href":"https:\/\/www.apartmany-jedlova.cz\/index.php\/wp-json\/wp\/v2\/media?parent=1837"}],"curies":[{"name":"wp","href":"https:\/\/api.w.org\/{rel}","templated":true}]}}